26
What is 110214 (base 5) in base 4?
323201
-437 (base 9) to base 3
-111021
Convert -4210 (base 7) to base 9.
-2021
1000001 (base 2) to base 16
41
-224425 (base 8) to base 5
-4413203
bccd (base 14) to base 12
16b25
What is 1539 (base 10) in base 9?
2100
What is -39a (base 11) in base 10?
-472
48229 (base 11) to base 12
34265
Convert 4705 (base 10) to base 5.
122310
100200220 (base 3) to base 15
2166
What is 3b62 (base 12) in base 3?
100101102
Convert -125 (base 14) to base 5.
-1404
Convert 1d76 (base 16) to base 7.
30663
What is 122003 (base 5) in base 13?
2150
-e70 (base 15) to base 3
-11110120
Convert -2122 (base 3) to base 6.
-155
What is -1115 (base 9) in base 6?
-3452
What is -5a9a (base 12) in base 4?
-2133112
What is -16a02 (base 11) in base 7?
-126334
Convert 867 (base 10) to base 9.
1163
Convert 455 (base 14) to base 8.
1533
Convert -55 (base 10) to base 12.
-47
What is 10211213 (base 4) in base 2?
100100101100111
Convert -47785 (base 10) to base 2.
-1011101010101001
What is 22122022 (base 3) in base 14?
241d
What is 3019 (base 15) in base 3?
111220220
What is -374e (base 15) in base 10?
-11774
What is 2402 (base 5) in base 7?
1012
443403 (base 5) to base 13
7078
Convert 43 (base 14) to base 9.
65
What is -11260 (base 9) in base 7?
-30612
Convert 444b (base 16) to base 7.
101654
What is -2431240 (base 5) in base 9?
-68761
What is 68797 (base 10) in base 16?
10cbd
What is 61 (base 10) in base 16?
3d
What is -11200120 (base 3) in base 9?
-4616
12797 (base 10) to base 5
402142
Convert de (base 16) to base 6.
1010
838 (base 16) to base 14
aa4
Convert -73c9 (base 13) to base 12.
-9357
154415 (base 7) to base 13
10aab
-2201010 (base 3) to base 14
-a10
-15623 (base 7) to base 3
-20001222
-14a03 (base 11) to base 14
-7a0a
1dd8 (base 15) to base 2
1100101100111
Convert -105365 (base 7) to base 13.
-8699
What is 40444 (base 5) in base 3?
10121012
Convert -6887 (base 10) to base 15.
-2092
-1546 (base 13) to base 8
-6034
-3747 (base 8) to base 14
-a47
What is -111010000111 (base 2) in base 8?
-7207
-122020 (base 3) to base 2
-111010001
-320303 (base 4) to base 2
-111000110011
10101110001 (base 2) to base 16
571
300242 (base 5) to base 12
5573
255 (base 16) to base 2
1001010101
What is 160a (base 13) in base 15?
e4b
22250 (base 6) to base 5
100001
What is -230 (base 4) in base 13?
-35
-21025 (base 6) to base 12
-1775
What is -4b2 (base 13) in base 3?
-1010102
Convert 881 (base 13) to base 6.
10425
Convert -3c05 (base 15) to base 7.
-52256
-1379 (base 10) to base 5
-21004
Convert -101111011110 (base 2) to base 15.
-d78
What is -11100111000 (base 2) in base 16?
-738
12464 (base 7) to base 5
101304
Convert 3a3 (base 12) to base 2.
1000101011
What is 546 (base 11) in base 8?
1217
11010101100010 (base 2) to base 9
20664
What is -1002b (base 13) in base 14?
-a5ca
What is -204 (base 10) in base 6?
-540
Convert 3acc (base 14) to base 6.
120004
What is -377 (base 13) in base 7?
-1523
What is -6216 (base 9) in base 11?
-3468
What is -354 (base 7) in base 14?
-d4
1370 (base 10) to base 14
6dc
Convert aa (base 16) to base 8.
252
What is 398e (base 15) in base 8?
27774
Convert -13302231 (base 4) to base 8.
-76255
Convert -19539 (base 14) to base 12.
-31153
118a3 (base 11) to base 12
9a51
Convert 1001100010 (base 2) to base 9.
747
What is -3402 (base 6) in base 11?
-662
Convert 1222 (base 16) to base 15.
1597
50535 (base 7) to base 6
132500
22330 (base 6) to base 10
3150
What is 189 (base 10) in base 13?
117
Convert 4512 (base 7) to base 8.
3132
-56030 (base 7) to base 11
-a644
Convert -410403 (base 5) to base 8.
-31654
What is 3a76 (base 13) in base 11?
6327
Convert 3363 (base 8) to base 7.
5121
Convert -b46 (base 16) to base 11.
-2194
1061 (base 14) to base 2
101100001101
Convert -20221220 (base 3) to base 5.
-130243
What is -320310 (base 4) in base 6?
-24500
775 (base 8) to base 16
1fd
Convert 10100000000 (base 2) to base 7.
3506
110110 (base 3) to base 7
660
Convert -101133 (base 6) to base 5.
-224144
-206233 (base 8) to base 16
-10c9b
-d5aa (base 15) to base 9
-67847
-d73 (base 14) to base 15
-bb9
Convert 1511 (base 13) to base 16.
bf0
Convert -311235 (base 7) to base 8.
-150051
Convert 1000100111001 (base 2) to base 15.
148e
What is 1644 (base 7) in base 4?
22131
-52 (base 11) to base 14
-41
Convert 509 (base 11) to base 8.
1146
12421 (base 6) to base 11
1464
Convert 262 (base 7) to base 12.
ba
What is 28b (base 13) in base 11?
382
Convert -11010001011 (base 2) to base 13.
-9bb
What is 54332 (base 7) in base 15?
4032
Convert -676 (base 10) to base 7.
-1654
Convert -113301 (base 7) to base 16.
-4fa1
-2010020110 (base 3) to base 11
-29394
-1000111 (base 3) to base 12
-51a
What is -5a370 (base 11) in base 7?
-511341
-11011111111 (base 2) to base 8
-3377
205 (base 15) to base 6
2035
40 (base 13) to base 6
124
3817 (base 10) to base 16
ee9
1aa5 (base 11) to base 4
221200
1000100 (base 2) to base 15
48
What is 4cc (base 13) in base 7?
2314
67d (base 16) to base 5
23121
What is -1b53 (base 14) in base 4?
-1031231
Convert -225 (base 10) to base 15.
-100
-101222 (base 3) to base 10
-296
Convert 547 (base 9) to base 2.
111000000
What is -265 (base 8) in base 15?
-c1
What is -1a8d (base 15) in base 13?
-280c
What is 955 (base 11) in base 10?
1149
What is 489 (base 15) in base 8?
2005
What is 10525 (base 6) in base 3?
2001022
What is 13300020 (base 4) in base 9?
47500
1543 (base 7) to base 8
1153
What is 404211 (base 5) in base 10?
13056
Convert -776 (base 11) to base 12.
-656
What is 220 (base 7) in base 3?
11011
What is 13111 (base 5) in base 9?
1365
What is 4909 (base 11) in base 16?
1916
What is -666 (base 11) in base 10?
-798
Convert -7a5a (base 14) to base 2.
-101001100000000
What is 3053 (base 6) in base 9?
836
What is -10111100110001 (base 2) in base 15?
-38a6
What is -3dd (base 14) in base 10?
-783
-204432 (base 5) to base 12
-3b83
What is 552 (base 11) in base 12?
472
Convert cb0 (base 14) to base 10.
2506
What is -132411 (base 5) in base 6?
-40444
-10101100 (base 2) to base 13
-103
Convert -d464 (base 14) to base 13.
-13831
Convert 2460 (base 10) to base 8.
4634
Convert 10848 (base 11) to base 10.
15661
144443 (base 5) to base 6
44532
-555 (base 15) to base 14
-621
Convert -4fa (base 16) to base 5.
-20044
Convert -341 (base 8) to base 7.
-441
What is 575 (base 9) in base 8?
731
5407 (base 9) to base 4
332020
Convert -1101000000 (base 2) to base 9.
-1124
2aa7 (base 13) to base 6
44445
bb6 (base 14) to base 15
a46
What is -26382 (base 10) in base 16?
-670e
-101010111101011 (base 2) to base 16
-55eb
Convert -20774 (base 9) to base 16.
-35bc
What is -24314 (base 5) in base 3?
-2111221
-1001 (base 2) to base 8
-11
What is -159 (base 14) in base 10?
-275
2352 (base 9) to base 8
3324
-111214 (base 6) to base 15
-2b9a
184 (base 12) to base 10
244
101020101 (base 3) to base 9
11211
What is 21315 (base 6) in base 8?
5557
Convert 43b (base 13) to base 9.
886
-6608 (base 13) to base 4
-3131330
663 (base 15) to base 6
10403
-2526 (base 7) to base 11
-795
What is 555 (base 13) in base 8?
1623
4573 (base 10) to base 9
6241
Convert 12523 (base 11) to base 16.
460d
Convert 653 (base 7) to base 9.
408
What is -1261 (base 16) in base 6?
-33441
260 (base 11) to base 7
620
What is -9e4 (base 15) in base 14?
-b5d
-17b48 (base 12) to base 8
-103250
333 (base 8) to base 6
1003
What is 1351 (base 7) in base 11?
439
What is -30223212 (base 4) in base 3?
-2122020210
Convert -13c50 (base 15) to base 6.
-1210033
-6456 (base 7) to base 13
-1077
What is -10000110110 (base 2) in base 9?
-1427
3125 (base 6) to base 13
41c
Convert 22a (base 14) to base 15.
1da
What is -146 (base 7) in base 16?
-53
Convert 3a1 (base 12) to base 7.
1420
What is 30226 (base 7) in base 14?
294d
Convert -1000020 (base 3) to base 12.
-513
-957 (base 16) to base 10
-2391
Convert 20022 (base 4) to base 7.
1344
What is 20b1 (base 13) in base 2?
1000110111010
Convert 2540 (base 9) to base 12.
1123
301443 (base 5) to base 9
14172
Convert -1124 (base 6) to base 15.
-12d
Convert 518 (base 11) to base 14.
328
Convert -30679 (base 11) to base 15.
-d3c5
What is c83 (base 13) in base 14?
ac7
What is -3214 (base 13) in base 9?
-10467
Convert -11831 (base 12) to base 16.
-5c65
What is -121662 (base 7) in base 5?
-12031